{"id":300,"date":"2018-12-17T15:54:13","date_gmt":"2018-12-17T15:54:13","guid":{"rendered":"http:\/\/roessler-rechtsanwaelte.de\/?page_id=300"},"modified":"2018-12-17T15:54:17","modified_gmt":"2018-12-17T15:54:17","slug":"datenschutz","status":"publish","type":"page","link":"https:\/\/roessler-rechtsanwaelte.de\/?page_id=300","title":{"rendered":"Datenschutz"},"content":{"rendered":"<p>Datenschutzbelehrung f\u00fcr die Webseite<\/p>\n<p><span style=\"text-decoration: underline;\">1. Verantwortlicher<\/span><\/p>\n<p>Der Verantwortliche f\u00fcr die Verarbeitung der personenbezogenen Daten ist<\/p>\n<p>R\u00f6\u00dfler Rechtsanw\u00e4lte in B\u00fcrogemeinschaft<\/p>\n<p>Rechtsanwalt Frank Pretzsch<\/p>\n<p>Judeichstra\u00dfe 6, 01099 Dresden<\/p>\n<p>Telefon: \u00a0\u00a0\u00a0\u00a0\u00a0 0351\/8033888 und 0351\/8047720<\/p>\n<p>Telefax:\u00a0\u00a0\u00a0\u00a0\u00a0\u00a0 0351\/8047719<\/p>\n<p>E-Mai:\u00a0\u00a0\u00a0\u00a0\u00a0\u00a0\u00a0\u00a0\u00a0info@roessler-rechtsanwaelte.de<\/p>\n<p>Internet:\u00a0\u00a0\u00a0\u00a0\u00a0 www.roessler-rechtsanwaelte.de<\/p>\n<p>&nbsp;<\/p>\n<p><span style=\"text-decoration: underline;\">2. Technisch bedingte Datenverarbeitung<\/span><\/p>\n<p>Beim Aufrufen der Webseite werden<\/p>\n<p>technisch bedingt Daten verarbeitet. Dies sind etwa IP-Adressen, Zeitpunkt der Anfrage, Name und URL der abgerufenen Dateien, Herkunft der Anfrage, verwendeter Browser und Betriebssystem. Die Verarbeitung dieser Daten erfolgt aus technischen Gr\u00fcnden zur Gew\u00e4hrleistung des technischen Ablaufs sowie zur Administration und Sicherung des Systems. Rechtsgrundlage ist \u00a7 6 f) EU-DSGVO mit unserem Interesse, von Ihnen \u00fcber das Internet angeforderte Informationen zu liefern. Diese Daten werden nicht gespeichert und nach Verlassen der Webseite gel\u00f6scht. Bei Nutzung des Kontaktformulars unserer Webseite erfolgt die Verarbeitung der abgefragten Daten zum Zwecke der Kontaktaufnahme mit Ihnen auf Grundlage Ihrer Einwilligung, \u00a7 6 a) EU-DSGVO. Die Daten werden gespeichert, solange dies f\u00fcr die Bearbeitung ihres Anliegens notwendig ist oder sie ihre Einwilligung widerrufen. In diesem Fall kann eine Speicherung erfolgen, sofern wir zur Dokumentation hierzu verpflichtet sind. Die auf dieser Webseite verarbeit eten Daten werden nicht an Dritte weitergegeben, sofern sie hierzu nicht ihre Einwilligung erteilt haben, oder die Weitergabe zur Bearbeitung eines Vertrages oder Mandates mit Ihnen erforderlich ist, oder eine gesetzliche Verpflichtung hierzu besteht, Art. 6 Abs. 1 EU-DSGVO. Soweit auf der Webseite Cookies und Analysetools eingesetzt werden, erfolgt die nachfolgende gesonderte Belehrung. F\u00fcr den Betrieb der Webseite nutzen wir Cookies. Dies sind Dateien, die ihr Browser bei Besuch unserer Webseite auf ihrem Endger\u00e4t speichert. Sie dienen der Speicherung von Daten Ihres Besuches und zur Wiedererkennung wie auch zur statistischen Erfassung, Verbesserung und Gew\u00e4hrleistung des Betriebes unserer Webseite. Rechtsgrundlage hierf\u00fcr ist \u00a7 6 Abs. 1 lit f) EU-DSGVO. Tempor\u00e4re Cookies werden nach dem Verlassen der Webseite gel\u00f6scht. Sie k\u00f6nnen ihren Browser in den Einstellungen so konfigurieren, dass er Cookies ablehnt, oder nur nach bestimmten Regeln zul\u00e4sst und auch wieder l\u00f6scht. In diesem Fall kann es aber zu Fehlfunktionen der Webseite kommen. Zur Verbesserung unseres Angebotes und statistischen Erfassung werden Tracking Tools genutzt. Die Nutzung erfolgt auf Grundlage \u00a7 6 Abs. 1 lit. f) EU-DSGVO. Dies ist ein Webanalysedienst der Google Inc.\u00a0 (https:\/\/www.google.de\/intl\/de\/about\/) (1600Amphitheatre Parkway, Mountain View, CA 94043, USA; im Folgenden \u201eGoogle\u201c). Zu diesem Zweck wurde mit der Firma Google eine Vereinbarung \u00fcber Auftragsverarbeitung abgeschlossen. Dieser Dienst erstellt unter \u00dcbermittlung diverser Daten wie Browser Typ und Kennung, Betriebssystem, Herkunft der Anfrage, IP Adresse und Zeitpunkt und dem Setzen von Cookies pseudonymisierte Nutzungsprofile. Die Daten werden auch in das Ausland,\u00a0 insbesondere die USA, \u00fcbertragen und dort von Google ausgewertet, sowie ggf. an Dritte weitergegeben. Die Nutzung der Tracking Software k\u00f6nnen Sie durch Einstellungen im Browser verhindern. Weiter k\u00f6nnen Sie die Verarbeitung der Daten durch Google verhindern, indem Sie ein Zusatzprogramm f\u00fcr ihren Browser installieren. Dies finden Sie unter (https:\/\/tools.google.com\/dlpage\/gaoptout?hl=de). Sie k\u00f6nnen auch einen Cookie auf ihrem Endger\u00e4t installieren, dass Sie hier herunterladen k\u00f6nnen. Weitere Informationen zum Datenschutz im Zusammenhang mit Google Analytics finden Sie etwa in der Google Analytics -Hilfe (https:\/\/support.google.com\/analytics\/answer\/6004245?hl=de). Bei Nutzung des Dienstes Google Adwords Conversion Tracking wird, sofern Sie \u00fcber eine Anzeige bei Google auf diese Seite gelangt sind, ein Cookie auf ihrem Ger\u00e4t gesetzt. Dies dient der Analyse und statistischen Auswertung der Nutzung der Webseite. Das Cookie ist 30 Tage g\u00fcltig. Eine Identifizierung der Person erfolgt nicht,\u00a0 allerdings die Beobachtung, ob der Nutzer \u00fcber eine Google\u00a0 Werbeanzeige auf die Seite gelangt ist. Diese Nutzung k\u00f6nnen Sie verhindern, indem Sie in den Einstellungen ihres Browsers das Setzen entsprechender Cookies ablehnen. Auf Basis des Art. 6 Abs. 1 S. 1 lit. f) werden Plugins, Verlinkungen und Buttons zu Social Media Webseiten zum Zwecke der Werbung und Information eingesetzt. Durch den Einbau dieser Elemente werden bei Aufruf unserer Seite Daten an die entsprechenden Social Media Anbieter \u00fcbermittelt, ggf. auch in Drittstaaten. Diese Daten werden von den Anbietern gespeichert und verarbeitet; insbesondere kann ein Anbieter, sofern Sie gleichzeitig bei den Social Media Anbietern eingeloggt sind, den Besuch unserer Webseite erkennen. Auch wenn Sie Beitr\u00e4ge unserer Webseite im Social Network \u201eTeilen\u201c oder sonst weitergeben (\u201eLike\u201c), wird dies dem Anbieter \u00fcbermittelt und von diesem gespeichert, ggf. auch zu ihrem Nutzerprofil. Die Sozialen Netzwerke nutzen diese Daten zu gesch\u00e4ftlichen Zwecken, Marketing, Werbung und weiteren Zwecken, insbesondere auch zum Anlegen und Erstellen von Profilen \u00fcber sie und f\u00fcr die Bereitstellung personalisierter Werbung. Zweck und Umfang der Datenerhebung und die weitere Verarbeitung und Nutzung der Daten durch Facebook sowie Ihre diesbez\u00fcglichen Rechte und Einstellungsm\u00f6glichkeiten zum Schutz Ihrer Privatsph\u00e4re entnehmen Sie bitte den Datenschutzhinweisen (https:\/\/www.facebook.com\/about\/privacy\/) von Facebook. Sie haben gem. \u00a7 15 ff. EU-DSGVO die Rechte auf Auskunft, Berichtigung, L\u00f6schung, Einschr\u00e4nkung der Verarbeitung ihrer personenbezogenen Daten, sowie das Recht auf Daten\u00fcbertragbarkeit und das Widerspruchsrecht \u00a7 21 EU-DSGVO. Soweit besondere personenbezogene Daten auf Grundlage ihrer Einwilligung verarbeitet werden, k\u00f6nnen Sie ihre Einwilligung hierzu jederzeit widerrufen. Zur Wahrnehmung dieser Rechte wenden Sie sich an den\u00a0 o.g. Verantwortlichen. Gem. Art 77 EU-DSGVO besteht das Recht der Beschwerde bei den zust\u00e4ndigen Aufsichtsbeh\u00f6rden. Zur\u00a0 Gew\u00e4hrleistung der Datensicherheit erfolgt die \u00dcbertragung der Inhalte unserer Webseite verschl\u00fcsselt nach dem SSL Verfahren gem\u00e4\u00df dem Stand der Technik. Zur Sicherung der Daten werden von uns und den beauftragten Dienstleistern, mit denen entsprechende vertragliche Vereinbarungen getroffen wurden, geeignete\u00a0 Ma\u00dfnahmen nach dem Stand der Technik, insbesondere zur\u00a0 Beschr\u00e4nkung des Zugangs zu den Daten, zum Schutz gegen\u00a0 Ver\u00e4nderung und Verlust, und zur Vertraulichkeit gem\u00e4\u00df dem Stand der Technik eingesetzt. Die Datenschutzerkl\u00e4rung hat den Stand Mai 2018. Sie kann jederzeit der aktuellen rechtlichen wie technischen Entwicklung angepasst werden.<\/p>\n<p>&nbsp;<\/p>\n<p>&nbsp;<\/p>\n<p>Mit freundlicher Genehmigung Rechtsanwalt Dr. Christian Klostermann www.drklostermann.de<\/p>\n<p>Stand Mai 2018<\/p>\n<div id=\"outerContainer\">\n<div id=\"mainContainer\">\n<div id=\"viewerContainer\">\n<div id=\"viewer\">\n<div data-page-number=\"4\" data-loaded=\"true\">\n<div>\n<section data-annotation-id=\"23R\"><\/section>\n<\/div>\n<\/div>\n<\/div>\n<\/div>\n<\/div>\n<\/div>\n","protected":false},"excerpt":{"rendered":"<p>Datenschutzbelehrung f\u00fcr die Webseite 1. Verantwortlicher Der Verantwortliche f\u00fcr die Verarbeitung der personenbezogenen Daten ist R\u00f6\u00dfler Rechtsanw\u00e4lte in B\u00fcrogemeinschaft Rechtsanwalt Frank Pretzsch Judeichstra\u00dfe 6, 01099 Dresden Telefon: \u00a0\u00a0\u00a0\u00a0\u00a0 0351\/8033888 und 0351\/8047720 Telefax:\u00a0\u00a0\u00a0\u00a0\u00a0\u00a0 0351\/8047719 E-Mai:\u00a0\u00a0\u00a0\u00a0\u00a0\u00a0\u00a0\u00a0\u00a0info@roessler-rechtsanwaelte.de Internet:\u00a0\u00a0\u00a0\u00a0\u00a0 www.roessler-rechtsanwaelte.de &nbsp; 2. Technisch bedingte Datenverarbeitung Beim Aufrufen der Webseite werden technisch bedingt Daten verarbeitet. Dies sind etwa IP-Adressen, Zeitpunkt [&hellip;]<\/p>\n","protected":false},"author":1,"featured_media":0,"parent":0,"menu_order":8,"comment_status":"closed","ping_status":"closed","template":"","meta":{"footnotes":""},"class_list":["post-300","page","type-page","status-publish","hentry"],"_links":{"self":[{"href":"https:\/\/roessler-rechtsanwaelte.de\/index.php?rest_route=\/wp\/v2\/pages\/300","targetHints":{"allow":["GET"]}}],"collection":[{"href":"https:\/\/roessler-rechtsanwaelte.de\/index.php?rest_route=\/wp\/v2\/pages"}],"about":[{"href":"https:\/\/roessler-rechtsanwaelte.de\/index.php?rest_route=\/wp\/v2\/types\/page"}],"author":[{"embeddable":true,"href":"https:\/\/roessler-rechtsanwaelte.de\/index.php?rest_route=\/wp\/v2\/users\/1"}],"replies":[{"embeddable":true,"href":"https:\/\/roessler-rechtsanwaelte.de\/index.php?rest_route=%2Fwp%2Fv2%2Fcomments&post=300"}],"version-history":[{"count":14,"href":"https:\/\/roessler-rechtsanwaelte.de\/index.php?rest_route=\/wp\/v2\/pages\/300\/revisions"}],"predecessor-version":[{"id":316,"href":"https:\/\/roessler-rechtsanwaelte.de\/index.php?rest_route=\/wp\/v2\/pages\/300\/revisions\/316"}],"wp:attachment":[{"href":"https:\/\/roessler-rechtsanwaelte.de\/index.php?rest_route=%2Fwp%2Fv2%2Fmedia&parent=300"}],"curies":[{"name":"wp","href":"https:\/\/api.w.org\/{rel}","templated":true}]}}